 is the units digit of w?
1
Suppose -4*u = 3*v - 6*v + 28, 16 = -4*v. Let n be 4/u + 102/30. What is the units digit of n*1*5/3?
5
Let y be (143/(-26))/((-1)/10). Let g be (-16215)/y - 4/22. What is the tens digit of 3/(g/(-140) + -2)?
2
Let v = 446 - 650. Let t = 142 + v. Let g = -31 - t. What is the tens digit of g?
3
Let x = 4736 + -2778. What is the units digit of x?
8
What is the units digit of 11/(44/28) + 510?
7
Let y(v) = -v**3 - 11*v**2 + 9*v - 3. Let s be y(-11). What is the tens digit of 1/((-4)/(-414)) - 51/s?
0
Let w(q) = -3 + 31*q + 1 + q + q. Let r be w(1). Suppose 5*u = 3*u - 3*t + r, 5*u - t - 52 = 0. What is the tens digit of u?
1
Let c be 1715/30 + 2/(-12). Suppose 5*w - 407 = -c. What is the tens digit of w?
7
Let b = -1356 - -1780. What is the hundreds digit of b?
4
What is the units digit of (18/(-6)*2)/5*-1000?
0
Let l(o) be the second derivative of o**5/20 - 7*o**4/12 + 5*o**3/3 - 3*o**2 + 8*o. Suppose -5*d + 5 = -25. What is the tens digit of l(d)?
1
What is the units digit of ((-264)/(-55))/((-6)/(-615))?
2
Let r(s) = s**2 - 10*s + 46. What is the tens digit of r(22)?
1
Suppose 3*m + 52 = 5*s, -2*s + 7*s = -3*m + 28. Suppose -12*p = -s*p - 48. What is the tens digit of p?
1
Suppose -6*m - 57 = -3*m. Let q = m + 24. Suppose 0 = d - 25 - q. What is the units digit of d?
0
Let c(i) = -6*i**2 + i**2 - 3*i + 50 - 3*i**2 + 7*i**2. What is the tens digit of c(0)?
5
Let m = -90 - -47. Let b = m - -83. What is the units digit of b?
0
Let g(m) = 6*m + 2. Let f(n) = -1. Let s(j) = 8*f(j) - g(j). What is the units digit of s(-8)?
8
Suppose 18*w + 79716 = 60*w. What is the thousands digit of w?
1
Suppose -342 = -k + 106. What is the hundreds digit of k?
4
What is the tens digit of ((-692)/(-6))/((-2488)/192 + 13)?
6
Suppose -8 = -5*a + 2*r, a - r + 12 = -4*r. Suppose -x = -a + 4. What is the units digit of 108/(-30)*10/x?
9
Let d(p) = -4*p**3 - 13*p**2 + 7*p + 7. Let r(m) = -3*m**3 - 12*m**2 + 6*m + 6. Let h(i) = 4*d(i) - 5*r(i). Let y be 3/2*42/9. What is the tens digit of h(y)?
3
What is the hundreds digit of (-6)/(48/(-8)) + 4435?
4
Let c(l) = -2*l**2 + 5*l + 4. Let s(a) = a**2 - a - 1. Let i(m) = -c(m) - 3*s(m). Let w be i(-2). What is the tens digit of (w + -4)/(1/(-4))?
2
Let u(f) = 28*f + 12. Let n be u(7). Suppose 2*i = 6*i - n. Let r = -31 + i. What is the tens digit of r?
2
Let x = -309 + 686. What is the tens digit of x?
7
Suppose 7*v + 2*v - 36 = 0. Suppose -v = -m - 0. What is the tens digit of (-6 + 3 - -51) + m?
5
Let z(j) = -184*j + 42. What is the units digit of z(-8)?
4
Suppose 549 = 5*d + 2*j, -631 + 185 = -4*d - 5*j. Let i = d + -73. What is the tens digit of i?
3
Let c(y) be the first derivative of -15*y**2/2 + 2*y - 21. What is the tens digit of c(-4)?
6
Let y(j) = -466*j - 226. What is the thousands digit of y(-9)?
3
What is the hundreds digit of 2/(-2) + 4*1096/16?
2
Suppose p - 2038 = 5*v, -3*p - v - 2*v = -6114. What is the tens digit of p?
3
Suppose 4*l = i - 170 + 54, -3*i - 12 = 0. Let q = l + 32. Suppose -7*g - 4*x = -2*g - 9, -3*g = -q*x - 23. What is the units digit of g?
5
Let a(q) = q**3 - 17*q**2 + 16*q + 32. Suppose 3*g - c = 52, -5*g + 3*c = 2*c - 84. What is the units digit of a(g)?
2
Let z(l) = -l**2 - 9*l - 14. Let w be 8/(-12) + 16/(-3). Let n be z(w). Suppose -q - j - 49 = -n*q, -4*q - 2*j = -52. What is the tens digit of q?
1
Let p = 1653 - 1399. What is the hundreds digit of p?
2
Let x(h) = 3*h - 22. Let k(m) = m**3 - 4*m**2 - 2*m + 3. Let d be k(3). Let g(v) = -3*v - 25. Let j be g(d). What is the tens digit of x(j)?
1
Let u = -1105 + 2700. What is the thousands digit of u?
1
Suppose -27*b + 9757 = -23453. What is the tens digit of b?
3
Let w be (15/(-60))/(1/(-116)). Let u be (-21)/(-4) + (-2)/8. Suppose u*r = 4*i + w, 25 = -5*r - i + 74. What is the units digit of r?
9
Suppose 0 = 8*a - 4092 - 2388. What is the hundreds digit of a?
8
Let k = 2228 + -1387. What is the units digit of k?
1
What is the hundreds digit of (-1)/((-4)/(-20)) + 144?
1
Let t(x) = 9*x**3 + 6*x**2 - 37*x - 2. What is the tens digit of t(5)?
8
Let y(p) = p**3 + 20*p**2 + 17*p - 35. Let k be y(-19). Suppose 5*r + 2*w = 1432, 3*r - k*w = -2*w + 857. What is the units digit of r?
6
Let d = 29 - 24. Suppose -v - d*q + 96 = -4*v, 160 = -5*v - 2*q. What is the tens digit of (-1032)/v + (-3)/(-4)?
3
Let a(j) = 38*j - 39. What is the units digit of a(80)?
1
Suppose -3*k - c + 88 = -2*k, 4 = -2*c. Suppose -y - k = -7*y. What is the tens digit of y/6*(-28)/(-5)?
1
Suppose 4*i + 1 + 55 = 0. Let p = 10 - i. What is the tens digit of p?
2
Let o(n) = n + 182. What is the hundreds digit of o(7)?
1
Let b(w) = 6*w**3 - 12*w**2 + 5*w + 16. Let g(a) = a**3 - a + 1. Let z(l) = -b(l) + 5*g(l). What is the tens digit of z(9)?
4
Let b(a) = 60*a**2 - 2*a + 2. Suppose -11*t - 15 = -14*t. Suppose 4*r = -5*n + 9, n = 2*n - t*r + 4. What is the tens digit of b(n)?
6
Let l(x) = x + 6. Let k be l(-11). Let g = -7 + k. What is the units digit of g/(5 - 1) - -22?
9
Suppose -18*b + 13706 + 61714 = 0. What is the tens digit of b?
9
Suppose -8 = 5*q - 23. Let z(p) = 41*p + 3. What is the units digit of z(q)?
6
Let w(r) = -r + 15. Let z be w(15). Suppose 5*j - 2*v - 658 = z, 2*j - v - 85 - 179 = 0. What is the hundreds digit of j?
1
Let p = 196 - 134. Let u = p - 1. What is the tens digit of u?
6
Let z be 1/((-2)/(-305))*(-42)/(-35). Suppose 4*h + z = 7*h. What is the tens digit of h?
6
What is the hundreds digit of -248*((-5)/(-15))/(8/(-12))?
1
Suppose -5*s + 11 = -4. Suppose -s*v - 68 = -v. Let t = 47 + v. What is the tens digit of t?
1
Suppose -4*j = 15 - 23. Suppose 26 = 3*f + 2*k, 2*k - 34 = -j*f - 2*f. What is the units digit of f?
8
Let s(x) = -8*x + 130. What is the units digit of s(16)?
2
Let i(f) be the third derivative of f**6/15 + f**5/15 - f**4/8 - f**3/3 - 13*f**2. What is the units digit of i(2)?
2
Suppose -3*k - 3*n - 108 = -n, 120 = -3*k + 2*n. Let p = 51 - 105. Let g = k - p. What is the tens digit of g?
1
Suppose -4*j - 223 = -3. Let t = 144 + j. What is the units digit of t?
9
Suppose 2*v + 4*n + 0*n + 28 = 0, 95 = -5*v - 5*n. Let o = 13 - v. What is the tens digit of o?
3
Let n be (2667/(-4))/(-7) + 3/4. Suppose -9*t = 5*r - 8*t - n, -r + 12 = 2*t. What is the units digit of r?
0
Let p(b) = 8*b**2 - 17*b - 7. What is the tens digit of p(9)?
8
What is the units digit of ((-14)/49)/(-2) + (-1062)/(-14)?
6
Let u = 22 - 13. Let r = u - -4. Suppose -4 = -r*y + 12*y. What is the units digit of y?
4
Let h be 44 + 16/(-4) - 2. What is the tens digit of h*-1*4/8*-1?
1
Let r(t) = -t**2 + 6*t. Let a be r(6). Suppose -2*d - d + 12 = a. What is the units digit of (-280)/12*(-6)/d?
5
Let q(r) be the third derivative of 4*r**5/5 - r**4/24 - r**3/3 - 2*r**2. What is the tens digit of q(-1)?
4
Let v = 41 - 59. Let m = v + 20. Suppose m*j - 54 = -10. What is the tens digit of j?
2
Let l = -88 - -92. Suppose v = -v + l*a + 150, -198 = -3*v - 3*a. What is the units digit of v?
9
Let a = 32 - -161. Let f = a + -128. What is the tens digit of f?
6
Let a = 168 + -108. What is the units digit of a?
0
Suppose -2*a = h - 0*a + 10, 3*a + 15 = -4*h. Suppose 5*i = -p + 2*i + 49, h = -3*p - 2*i + 140. What is the units digit of p?
6
Let w(m) = 124*m**2 + 5*m - 15. What is the units digit of w(5)?
0
Suppose l - 5*l + t + 65 = 0, -3*t = -4*l + 75. Suppose l*x - 838 = 542. What is the units digit of x?
2
Suppose k = -4*k + 20. Suppose 35 = k*j - 21. Suppose -y - s = 7 - 3, y = -3*s - j. What is the units digit of y?
1
Let z be -17*(2 + -1) + 3. Suppose -24 = -2*a + 10. Let h = a + z. What is the units digit of h?
3
Let f = 1427 - 1246. What is the hundreds digit of f?
1
Let z be 1*35/(-10)*-2. Let m(a) = 3*a - 14 + a - z - 4. What is the units digit of m(11)?
9
Let a(s) = -s**2 + s - 1. Let t(g) = 8*g**2 - 4*g + 7. Let f(b) = 5*a(b) + t(b). What is the units digit of f(4)?
4
Let a(y) be the third derivative of -13*y**4/3 - y**3 + 23*y**2. What is the tens digit of a(-2)?
0
Let s = -27 - -307. What is the hundreds digit of s?
2
Let h(q) = q**3 + 46*q**2 - 62*q - 273. What is the tens digit of h(-46)?
7
Let t = 90 - -90. Suppose 0 = 4*h - h + t. What is the units digit of (h/(-75))/((-2)/(-175))?
0
Let g = 3282 + -1360. What is the tens digit of g?
2
Let i(